*w - v, -5*h - 10 = 5*w. Calculate r(w).
0
Let i(d) be the third derivative of d**6/30 + d**5/30 - d**3/6 + d**2. Let r = 1 - 1. Suppose -8 = 4*j - r*l + l, 4*j + 4*l + 20 = 0. Calculate i(j).
-3
Let h(y) = 2*y**2 + 11*y - 4. Suppose 0 = -2*j - 6 - 6. Let u(x) = 2*x**2 + 12*x - 5. Let i(w) = j*u(w) + 7*h(w). Give i(-3).
5
Let k(z) = -z**2 + 7*z - 8. Suppose h - 4 = 0, 2*h - 4*h = -2*g + 4. Determine k(g).
-2
Suppose 4*h + 2*m = 0, h = -2*m + m + 1. Let p = 2 - 1. Let w(y) = -p + 2*y**3 + 0*y**3 + 4*y**3. Determine w(h).
-7
Let o(n) = 2*n**2 + 3*n - 2. Let w be o(1). Let g(l) = -l**3 + 3*l**2 + 2*l - 4. Determine g(w).
2
Let j(h) = 2*h**2 + 1 + 0 - h - 7*h + 2*h. Let o(t) = 5*t**2 - 18*t + 3. Let p(s) = 8*j(s) - 3*o(s). Suppose 0 = -2*i + i - 3. Determine p(i).
-10
Let c(a) = -2*a + 4. Let j be c(-1). Let f(h) be the third derivative of 1/20*h**5 + 3*h**2 + 0 + 1/3*h**3 + 0*h - 1/120*h**j + 0*h**4. Determine f(3).
2
Let h(l) = 6*l**3 - 3*l**2 + 2*l + 3. Let q(k) = -5*k**3 + 3*k**2 - k - 2. Let n(t) = 4*h(t) + 5*q(t). Let x = -7 + 11. Determine n(x).
-2
Let d(x) be the first derivative of -x**3/3 - 3*x**2/2 + 4*x - 1. Let p be d(-3). Let v(h) = 2*h**2 - 6*h. What is v(p)?
8
Let w(p) = -5*p + 7. Let t(v) = -v. Let b(g) = -4*t(g) + w(g). What is b(5)?
2
Let c be ((-2 - -3) + 0)*8. Let y(j) = 2*j**2 + 7*j - 9. Let f(t) = 3*t**2 + 10*t - 13. Let w(d) = c*y(d) - 5*f(d). What is w(-6)?
-7
Let k(w) = 2*w + 3*w - 6*w. Suppose -5*z - 2 + 27 = 0. Suppose z*m = 3*u + 21, -3*u = m - 0 + 3. Determine k(m).
-3
Let d(y) = -y - 3. Let z = -14 + 11. Calculate d(z).
0
Suppose 0 = -3*m + 4*s - 19, 2*m + 15 = 6*s - s. Let u(x) = -7*x**2 - 3*x**2 - 5*x - x + 4*x**2 - x**3 - 2. What is u(m)?
3
Let a be (-30)/(-9)*(-72)/(-15). Let m = a + -16. Let l(w) = w**3 + w**2 - w - 6. What is l(m)?
-6
Let k(s) = -2*s + 2. Let y be ((-1)/2)/(1/4). Let v = 5 + y. Suppose d + v + 0 = 0. Determine k(d).
8
Let b(v) be the second derivative of v**4/4 - v**3/2 + 11*v. Determine b(2).
6
Let o(a) be the third derivative of a**9/60480 + a**8/10080 - a**5/30 - 2*a**2. Let p(l) be the third derivative of o(l). What is p(-2)?
0
Let x(w) = w - 5. Let g(r) = r**2 - 2*r + 14. Let j(h) = -6*g(h) - 17*x(h). Let t(s) = -12*s**2 - 11*s + 2. Let k(n) = -9*j(n) + 4*t(n). Determine k(1).
6
Let w(v) = -3*v**3 - 4*v**2 - 2*v - 1. Let m(z) = 7*z**3 + 9*z**2 + 4*z + 1. Let l(a) = 2*m(a) + 5*w(a). Let q be 2/(-12) - (-11)/(-6). Determine l(q).
1
Let k(s) be the third derivative of s**6/120 + 2*s**5/15 + s**4/4 - s**3 + 10*s**2. Give k(-7).
1
Let x be 1*(-4 + 0)*1. Let y be (-1)/x + 11/4. Let r(u) = 5*u + u**y - 2*u + 4 - 5*u**2 - 2*u - 2*u. Give r(5).
-1
Let h(l) = l**2 + 9*l - 14. Let a be h(-10). Let c(g) = g**2 + 2*g + 5. What is c(a)?
13
Let o = 42 - 34. Let d(y) = y**2 - 10*y + 10. Determine d(o).
-6
Suppose 32 = 4*v - 2*o - 24, 3*o - 12 = -2*v. Suppose -g = -6*g + 4*u + 28, 2*u = -4*g + v. Let j(q) = -q**3 + 5*q**2 - 5*q - 1. What is j(g)?
-5
Let v(y) be the first derivative of -y**2/2 + 3*y + 4. Let l = 22 - 5. Suppose z - l = 5*s, 3*s - 5*z + 2 - 5 = 0. Calculate v(s).
7
Let y(n) = -4 + 4 + 0 - n + 3. Calculate y(-6).
9
Let m(q) = -q**2 + 5*q - 6. Suppose 0*g - 15 = 5*g, 2*u + 3*g - 1 = 0. Suppose u*x = 2*l - 15, 0 = 4*l - x - 14 - 7. Give m(l).
-6
Let i = 37/330 + 3/55. Let g(o) be the second derivative of 0 - 2*o - 7/2*o**2 - i*o**3. Give g(-5).
-2
Let g(q) = -24*q**3 + 6 + 25*q**3 + 5*q**2 - 2. Calculate g(-5).
4
Let x(s) = 1 - 4*s - 2 + s + 2*s. Let y(j) = 6*j. Let w be y(1). Let h be (-52)/20 + w/10. What is x(h)?
1
Suppose -2*p = -0*p - 2. Let n(c) = 0 + c + p + 1 + 1. Let d be ((-3)/4)/((-1)/(-4)). Determine n(d).
0
Let g(d) = d + 6. Let k be g(-6). Suppose 12 + k = 3*a. Let v(u) = -u + 2. Give v(a).
-2
Let h(k) be the third derivative of k**4/24 - k**3/2 + 38*k**2. Give h(2).
-1
Let b(s) = s**2 - 4*s + 1. Suppose -13 = -2*o - 1. Suppose 0*t - 3*t - o = 0. Let n(y) = -2*y. Let i be n(t). What is b(i)?
1
Let z(d) = -4*d + 13. Let b(n) be the second derivative of n**3/3 - 3*n**2 - 3*n. Let r(t) = -13*b(t) - 6*z(t). Determine r(1).
-2
Let y(g) be the third derivative of g**5/60 - g**4/24 - g**3/6 - 43*g**2. Calculate y(-2).
5
Let u(s) = -6*s + 3. Let k(t) = -t**3 - t**2 + t. Let o(m) = 2*m**3 - 3*m**2 + 5*m + 9. Let c(v) = 3*k(v) + o(v). Let d be c(-7). Give u(d).
-9
Let y(m) = -m**3 - 4*m**2 + 7*m. Let u be -1*(-12 - 3)/(-3). Determine y(u).
-10
Let l(z) be the third derivative of 0 + 1/8*z**4 - 1/12*z**5 + 1/120*z**6 - 7*z**2 - 1/6*z**3 + 0*z. What is l(4)?
-5
Let v(j) = -1 + 2*j - 3*j - j. What is v(1)?
-3
Let i(l) = l**3 + 5*l**2 - 2*l. Suppose 0 = 3*t - 5*t + 14. Let k = t + -12. Give i(k).
10
Let a(r) be the first derivative of 5*r + 3/2*r**2 - 1. Calculate a(-5).
-10
Suppose 0 = 3*q - 8*v + 4*v + 6, v = -2*q - 15. Let n(d) be the third derivative of -d**4/24 - d**3/2 + 4*d**2. What is n(q)?
3
Let l(r) = r**3 + 4*r**2 + 3*r + 2. Let i be 5 + 1 - 8/2. Suppose 4*o - i = 5*o. What is l(o)?
4
Let h(r) = -r + 6. Suppose 6 = -2*w + 3*w. Suppose v - 2*v = -w. Give h(v).
0
Let a(l) = -29*l**3 + 3*l**2 - 8*l - 11. Let c(b) = -10*b**3 + b**2 - 3*b - 4. Let q(f) = 3*a(f) - 8*c(f). Let j(g) = g**2 + 2*g - 9. Let n be j(-4). Give q(n).
7
Let x(f) = f**2 - 5*f - 5. Suppose h - 2*w = 10 - 5, -5*w = 2*h - 10. What is x(h)?
-5
Let b(m) = -2*m - 4. Let j(o) = -o**2 + o. Let y be j(2). Let c be -1*(-2)/y + -2. What is b(c)?
2
Let d(v) = -v**3 + 6*v**2 + 2*v + 1. Let l be (-26)/78 + (-38)/(-6). Calculate d(l).
13
Let n = -5 + 9. Let z(i) = 6*i - 2 - i**2 - i - n + 3. What is z(4)?
1
Let b(m) be the second derivative of m**5/20 - m**4/4 - m**3/6 + 36*m - 2. Let c(y) = -y**3 + 2*y**2 + 2*y - 2. Let t be c(2). Calculate b(t).
-6
Let g(f) = -f - 6. Let x be (-6)/(-3 - (-6)/4). Let t(i) = -i**2 + 3*i + 4. Let d be t(x). Calculate g(d).
-6
Let a = -6 + 7. Let y(z) = z**3 - 4*z - z + a + 3*z**2 - 1. Determine y(-4).
4
Let q(d) = 4*d**2 - 1. Suppose -2*z + 5*z = 18. Suppose 20 = -k + z*k. Suppose -5*i = p, -p = -i + k*p - 26. What is q(i)?
3
Suppose 4*s - 10 = 6. Suppose 4*b - 16 = -0*b. Suppose s*m + 24 = b. Let i(j) = -j**3 - 4*j**2 + 3*j - 3. Give i(m).
7
Suppose u = 8 - 3. Suppose 2*v + v - 6 = 0. Suppose x = -4*o - v*x - 1, 5*o = u*x - 45. Let w(s) = -s**2 - 5*s + 2. What is w(o)?
6
Let m be (-27)/(-63) + 53/7. Let g(b) = -2*b**2 + m*b - 10*b + b**2 + 0 + 4. Give g(-4).
-4
Let w be (-138)/(-18) + 2/6. Let s = w - 5. Let a(j) be the second derivative of j**3/3 - j**2/2 - 2*j. What is a(s)?
5
Let g(a) = -1 + 2*a**2 + 0*a - 4*a**2 - 3*a + a. Let f(b) = b**2 - b + 2. Let z be f(2). Let j = -6 + z. Determine g(j).
-5
Let f(x) = x**3 - 2*x**3 - 6 - 5*x**2 - 1 + 3*x + 9. Let c be (-322)/70 + 2/(-5). Give f(c).
-13
Let v be 0 + -2 - -2*2. Suppose 5*k - 3*s + 21 = -7*s, -6 = v*k + s. Let w(l) = -2*l + 5. Let g(b) = -b**2 - 6*b + 14. Let i(r) = -6*g(r) + 17*w(r). Give i(k).
5
Let y(w) = 6*w**3 - 6*w**2 - 4. Let d(s) = 2*s**3 - 2*s**2 - 1. Let m(b) = -7*d(b) + 2*y(b). Let v be (3 + -1)/(4/(-2)). Calculate m(v).
3
Let i(l) = l**3 + 3*l**2 - 3*l + 5. Suppose f - 20 = -4*f. Suppose f*h + 2*u + 12 = 0, 2*h + 14 = -2*h - u. Determine i(h).
1
Let j(q) = q**3 + 2*q**2 + 8*q + 2. Let r(d) = -3*d**3 - 7*d**2 - 23*d - 6. Let t(s) = 11*j(s) + 4*r(s). What is t(-5)?
-7
Let r be ((-8)/(-6))/((-12)/(-54)). Let w(b) = -b**2 + 4*b + 8. Calculate w(r).
-4
Let b(i) = -4*i**3 + 9*i**2 + 2*i + 7. Let x(z) = 5*z**3 - 10*z**2 - 3*z - 8. Let w(s) = -4*b(s) - 3*x(s). What is w(6)?
2
Suppose -2*f + 30 = 4*b, 2*b = -0*b - 4*f + 24. Let g(p) = b + 0*p - 4 + 3*p + p**2. Let h = -150 + 148. Give g(h).
0
Let r be 4 + (24/(-4))/3. Let q(t) = -t**3 + t**2 - 2. What is q(r)?
-6
Let q(p) = p**3 - 3*p**2 - 8 + 4*p + 5*p**2 - p**2 + 6*p**2. Calculate q(-6).
4
Let p(w) = -9 - 4 - w + 0*w + 1. Determine p(-5).
-7
Let b(i) = 2*i - 4. Let f be 26/10 + 6/15. What is b(f)?
2
Let q(j) = -7*j**3 - 13. Let g = 12 - 18. Let w(t) = t**3 + 2. Let x(z) = g*q(z) - 39*w(z). Calculate x(1).
3
Let t(w) = w - 6. Suppose 4*n - 48 = 5*z, -11 = 4*z + 5. Suppose -14 = -5*x + 6, -2*x = -5*p + n. Let c = p + -3. What is t(c)?
-6
Let i(b) = -2*b**2 + 2*b. Let d(k) = -k - 4. Let a be d(-7). Let z(j) = 2*j - 4. Let f be z(3). Suppose -a*o = f*o - 10. Give i(o).
-4
Let s(i) = i*